 147. Calculate the highest common factor of t and 12.
12
Let n(j) = -187*j - 16. Let r be n(-3). What is the greatest common factor of 109 and r?
109
Suppose -7*g + 2*g = 0. Suppose g = -k - 3*k + 24. Let q be k - (-9)/(-3) - -5. Calculate the highest common factor of q and 4.
4
Let r(v) = v + 26. Let u be r(-9). Let c = u + 226. Calculate the highest common divisor of 27 and c.
27
Suppose 5*m - 2*l = 379 + 502, -m = -4*l - 187. Calculate the greatest common factor of m and 25.
25
Let j(d) be the first derivative of d**3/3 + 5*d**2/2 - 16*d + 2. Let f be j(-10). Calculate the highest common divisor of 2 and f.
2
Let p = -134 - -137. Calculate the greatest common factor of 6 and p.
3
Suppose -2*z - 233 = -569. Suppose -2*q - 29 = -3*p, -p = -2*q - 15 - 0. Suppose -z = 4*t - p*t. What is the highest common factor of 7 and t?
7
Suppose -2*i = 2*k - i - 450, -3*i + 12 = 0. Let r = k + -103. What is the greatest common factor of r and 15?
15
Suppose -5*f + 17*f - 26 = 11*f. Let h be -1 - -1 - (-52)/1. Calculate the greatest common divisor of h and f.
26
Suppose -115 = 3*k - 8*k. Let z = k - 20. Suppose -3*v + 4*d = -227, -4 = -d - z. What is the highest common divisor of 7 and v?
7
Let j be (-10)/(-4) + 11/(-22) - -294. Calculate the greatest common divisor of j and 37.
37
Let o be ((-10)/(-3))/(584/(-219))*(1 - 13). Suppose 0 = -4*q + 16, -s + 2*q + 256 = 39. Calculate the greatest common divisor of o and s.
15
Let q = -896 - -937. What is the greatest common divisor of q and 2?
1
Suppose 0 = -2*x - x + 51. Suppose 2*z + 198 = 4*g, 7*g - 209 = -z + 151. Calculate the highest common divisor of x and g.
17
Let y(d) = 3*d - 7. Let p be y(3). Suppose p*i + 2 = 3*i. Suppose -i*b + b + 105 = 0. Calculate the highest common divisor of 42 and b.
21
Let l = -6 + 11. Suppose -14 = 2*x + l*h, 0*x - 5*x = 2*h + 35. Let f(i) = -i - 4. Let y be f(x). What is the greatest common factor of y and 33?
3
Let c be (-2)/4*(-3 + 3). Suppose c = 2*l + 8 - 20. Suppose 2*v - 12 = -2*v. What is the highest common divisor of l and v?
3
Let t = -199 + 277. What is the greatest common factor of t and 91?
13
Suppose -1514 + 2066 = 8*r. Calculate the greatest common divisor of r and 6.
3
Suppose -4*y + 65 = t - 21, 3*t - 190 = 5*y. Suppose 3*i - 4*z - 14 = 12, -3*i = 3*z - 33. What is the greatest common divisor of i and t?
10
Suppose -6*m - 7 + 13 = 0. Let n be m/(-2)*(26 - 82). Calculate the highest common divisor of n and 196.
28
Suppose 809 = 5*r + 3*u - 991, -1790 = -5*r - 5*u. Let m = 40 - 7. What is the greatest common divisor of r and m?
33
Let w(y) = 152*y**3 + 1. Let b be w(1). Suppose 6*q = 3*q + b. Suppose -4*v + v + q = -3*o, 4*o + 17 = v. Calculate the greatest common factor of 17 and v.
17
Suppose 7 = -i + 5*o, -4*i = -9*i - 3*o - 119. Let f = i - -37. Calculate the highest common factor of f and 75.
15
Let v(c) = -c**3 - 29*c**2 - 2*c + 6. Let a be v(-29). What is the highest common divisor of 288 and a?
32
Suppose 5*m = -0*h - h + 84, 3*m = 5*h + 28. Suppose 3*i - m = -4. Let a(j) = -j**2 + 4. Let b be a(0). Calculate the greatest common factor of b and i.
4
Let t = -26 - -36. Let b be 14/21*(-186)/(-4). Suppose 360 = b*d - 19*d. What is the highest common divisor of t and d?
10
Suppose -15 = -2*h - h. Suppose -h*j + 111 = -29. Calculate the greatest common divisor of j and 4.
4
Suppose 4066*a - 4061*a - 17365 = 0. Calculate the greatest common divisor of a and 151.
151
Suppose 2*u - 77 = 3*w, 4*w + 152 = 7*u - 3*u. Let l = 61 - u. What is the greatest common divisor of 3 and l?
3
Let l = 24 + -16. Let h(b) = b**2 - 2*b + 6. Let j be h(0). Suppose -35 - 37 = -j*f. What is the highest common factor of l and f?
4
Suppose 0 = 3*j + 316 - 1. Let d be ((-280)/98)/(5/(j/6)). What is the greatest common divisor of d and 170?
10
Suppose -2*w = 20 - 284. Suppose 3*a + 132 = 7*a. Calculate the greatest common divisor of w and a.
33
Suppose 0 = 4*o - 4, 9*o = 3*g + 4*o + 23. Let u be (g - -4) + (-6 - -1). Let t be (-40)/(-7) + (-2)/u. What is the highest common factor of 15 and t?
3
Let c be (-8)/36 - (-40)/18. Let t(u) = u - 2*u**c + 4*u**3 + u**3 + 0*u + 2 - 2*u**3. Let a be t(2). What is the highest common divisor of a and 5?
5
Suppose 4 = f + 7. Let w = 7 + f. Suppose -45 = -w*i - 1. Calculate the highest common divisor of i and 33.
11
Suppose 43*q - 29*q = 280. Let n(m) = -2*m**2 - 6*m + 1. Let t be n(7). Let u = t + 359. Calculate the highest common divisor of q and u.
20
Let o be 4/16 - 5/4. Let q be ((-50)/(-3))/(o/(-3)). Suppose -5*j + 95 + 5 = 0. Calculate the greatest common divisor of q and j.
10
Let b(s) = 2*s - 8. Let f be b(7). Let h be 3/9 - 20/f. Let q = 27 - h. Calculate the greatest common factor of 30 and q.
30
Suppose -13*f - 11*f + 3360 = 0. What is the highest common factor of 25 and f?
5
Let t = 622 - 372. Calculate the greatest common divisor of 30 and t.
10
Let z(q) = q**2 + 16*q - 39. Let a be z(-18). Let h be (116/10 - -1) + a/5. Suppose -76 = 5*f - 316. Calculate the greatest common factor of h and f.
12
Let l be 301/14 - (-1)/2. Let x = 52 - l. Suppose -y - 20 = -2*h + 2*y, 2*h - 5*y - 20 = 0. What is the greatest common divisor of h and x?
10
Suppose -5*c - b + 1716 = 2*b, 1378 = 4*c + 5*b. What is the greatest common divisor of c and 38?
38
Suppose -4*w - 102 - 42 = -4*f, 0 = 4*f - 3*w - 145. What is the highest common factor of 111 and f?
37
Suppose 3*u + 4*o - 5*o = 1712, 0 = 2*u + 3*o - 1145. Suppose 6*v - 5*v = 4*f + 292, -2*v + u = 5*f. Calculate the highest common divisor of v and 36.
36
Let p = 728 - 726. Calculate the highest common divisor of p and 18.
2
Let q(t) be the first derivative of -5*t**2/2 - 19*t + 24. Let s be q(-5). Calculate the greatest common divisor of s and 15.
3
Suppose 6*o + 32 = 224. What is the greatest common factor of 136 and o?
8
Suppose -11 = -j + 2*h + 47, -177 = -3*j + 5*h. What is the greatest common factor of j and 112?
16
Let o(a) = -8*a**3 - 55*a**2 + a - 18. Let s be o(-7). Calculate the greatest common factor of 104 and s.
8
Let r be (114/2)/3 + -1. Suppose -4*c + 5*t = 10, 4*c = 2*t - 5 + 1. Suppose c = 4*q - 22 - r. Calculate the greatest common factor of q and 25.
5
Suppose 4*c + 84 = 4*a, 3*a + 0*c = -4*c + 42. Suppose -o + a = 12. Let u be (o - 7)/(1/(-28)). Calculate the greatest common divisor of u and 56.
28
Let o(z) = 4*z - 9. Let t be o(3). Suppose 0 = 4*y - 13 - t. What is the greatest common factor of 4 and y?
4
Suppose -14 - 18 = -3*b + 2*u, 3*b - 4*u - 34 = 0. Suppose -y = 3 - b. What is the highest common factor of y and 35?
7
Let v = 38 - 31. Suppose 343 + 1337 = v*l. What is the greatest common divisor of l and 30?
30
Let i be -361 + 0 - (-2 + 5). Let n be ((-301)/5 + -1)*10. Let g = i - n. Calculate the highest common factor of g and 31.
31
Suppose -2*y - 3*y + 35 = 0. Suppose -2*t - 4*w = -y*t - 723, -3*t - 453 = 4*w. Let b be 2/10 + t/(-15). Calculate the greatest common factor of b and 30.
10
Let i(k) = 93*k - 23. Let a be i(5). Calculate the greatest common factor of 26 and a.
26
Let h(m) = 2*m**2 - 11*m + 8 + 3 + 1 + 2. Let j be h(6). What is the highest common divisor of 8 and j?
4
Let z be -5 + 3 + 46 - 12/(-3). What is the greatest common factor of 144 and z?
48
Let z = 871 + -396. Calculate the greatest common factor of 95 and z.
95
Suppose 5*p - 3*l = 1347, l = -0*p - 5*p + 1351. What is the greatest common divisor of 15 and p?
15
Let c = -2966 - -3126. Let k = 77 - 45. Calculate the greatest common divisor of c and k.
32
Let c be (5 - -3)*324/16. Calculate the highest common divisor of c and 6.
6
Let a be (-3)/2*(-120)/18. Suppose 6*q + 48 = a*q. Calculate the greatest common divisor of 108 and q.
12
Let o be 5*-6*-3*(-3)/(-27). Suppose 0 = o*y - 2868 - 912. Calculate the greatest common factor of y and 54.
54
Let a(g) = 30*g + 889. Let r be a(-29). Calculate the greatest common divisor of r and 1292.
19
Suppose -m - y = -147, -m + 2*m - 3*y = 159. What is the greatest common factor of m and 90?
30
Suppose 0*w + 4 = -p - 2*w, 4*p + 20 = -4*w. Let l be ((-3)/(-2))/(p/(-16)). Suppose 2*b + 176 = l*b. What is the greatest common divisor of 8 and b?
8
Let k be (4 + (-16)/28)*-385. Let v be ((-4)/10)/(4/k). Calculate the greatest common factor of v and 22.
22
Let n = 0 